st common divisor of 331520 and 151108?
148
What is the highest common factor of 161557 and 223932689?
14687
Calculate the greatest common factor of 20 and 696346940.
20
Calculate the highest common factor of 135278 and 27830.
242
What is the greatest common divisor of 71078840 and 280?
280
Calculate the greatest common divisor of 10184 and 8137820.
268
What is the greatest common factor of 46924828 and 656?
164
What is the highest common divisor of 12440517 and 372?
93
What is the greatest common divisor of 14092 and 3800233?
271
What is the greatest common factor of 1631747 and 37882?
403
What is the highest common divisor of 269991 and 21159?
9
Calculate the greatest common factor of 92418804 and 1511.
1511
What is the highest common factor of 495755 and 1450?
145
What is the highest common divisor of 23040 and 2876928?
1536
Calculate the highest common factor of 1025 and 142999800.
1025
Calculate the greatest common divisor of 180 and 154770840.
180
What is the greatest common factor of 52402 and 72906154?
7486
Calculate the highest common factor of 6660 and 14722596.
1332
Calculate the greatest common factor of 37653679 and 2331.
259
Calculate the highest common divisor of 477437460 and 60.
60
Calculate the highest common divisor of 125001 and 1689993.
171
What is the greatest common factor of 565220 and 22007?
59
Calculate the highest common factor of 2527 and 4711.
7
Calculate the highest common divisor of 887293691 and 301.
43
Calculate the greatest common factor of 3410 and 22778030.
110
What is the greatest common factor of 6674028 and 30425?
1217
What is the greatest common divisor of 109060 and 3918180?
2660
What is the greatest common factor of 201975 and 3675?
75
What is the highest common divisor of 4086 and 332582013?
2043
Calculate the greatest common factor of 56 and 14812328.
8
What is the highest common factor of 80 and 22283920?
80
What is the greatest common factor of 6080438 and 910?
182
What is the greatest common divisor of 36 and 232641?
9
Calculate the highest common factor of 258896 and 1204720.
176
What is the greatest common factor of 101969487 and 173?
173
What is the greatest common factor of 17406318 and 3222?
1074
Calculate the highest common factor of 342 and 63738122.
38
What is the highest common factor of 65757466 and 3296?
206
What is the greatest common factor of 84188 and 1563068?
52
What is the greatest common factor of 893492 and 26132?
556
Calculate the highest common divisor of 1132 and 15209835.
283
What is the greatest common divisor of 33383925 and 120?
15
Calculate the highest common factor of 54649 and 21497.
259
Calculate the highest common factor of 120 and 526371960.
120
Calculate the highest common divisor of 3 and 256873.
1
What is the highest common factor of 94878 and 126639?
9
Calculate the highest common divisor of 3864594 and 9150.
366
What is the greatest common divisor of 7384039 and 2708?
677
Calculate the highest common divisor of 35850 and 26400.
150
Calculate the highest common divisor of 37955714 and 2276.
1138
Calculate the greatest common factor of 130 and 8120710.
130
Calculate the greatest common factor of 4221000 and 4122.
18
What is the greatest common factor of 2799 and 1045271?
311
What is the highest common factor of 119 and 3105781?
119
What is the greatest common factor of 530 and 146686?
2
What is the greatest common divisor of 18291156 and 1924?
52
Calculate the greatest common factor of 34648485 and 53.
53
Calculate the highest common divisor of 174 and 35877698.
58
Calculate the highest common divisor of 33103820 and 27940.
2540
What is the greatest common factor of 116 and 1959724?
4
What is the greatest common divisor of 23465 and 355485?
65
Calculate the greatest common divisor of 2205240 and 20915.
235
Calculate the highest common divisor of 2311570 and 557390.
1390
Calculate the highest common divisor of 893974 and 27466.
886
Calculate the highest common factor of 2585576592 and 1431.
1431
What is the greatest common divisor of 128982 and 678027?
1743
Calculate the greatest common divisor of 483 and 5465971.
7
Calculate the greatest common divisor of 209308 and 2321.
11
What is the highest common divisor of 2220456 and 17514?
42
Calculate the highest common factor of 2625 and 31972185.
105
Calculate the highest common factor of 55198 and 61199528.
5018
What is the highest common divisor of 449508626 and 33782?
1778
What is the highest common divisor of 774037840 and 215?
215
What is the greatest common factor of 1424 and 77290448?
1424
What is the highest common divisor of 66753850 and 186?
62
Calculate the greatest common divisor of 103591363 and 2157.
719
What is the greatest common factor of 468 and 997669608?
156
What is the greatest common factor of 39549181 and 7?
7
What is the highest common divisor of 2022048 and 91616?
224
Calculate the greatest common divisor of 296 and 1106374.
74
What is the greatest common divisor of 30769835 and 95?
95
What is the highest common divisor of 80276432 and 5352?
1784
What is the greatest common factor of 420 and 364021455?
105
Calculate the greatest common divisor of 1906 and 63880543.
953
What is the greatest common divisor of 270000 and 697950?
1350
What is the highest common factor of 268137117 and 18?
9
What is the greatest common factor of 5082 and 17743803?
2541
What is the highest common divisor of 104 and 4830631?
13
Calculate the greatest common divisor of 659786877 and 2862.
1431
What is the highest common factor of 47681012 and 148?
148
What is the greatest common divisor of 8028 and 1225608?
2676
What is the highest common factor of 58110156 and 1728?
108
What is the greatest common divisor of 3283641 and 1710855?
6003
Calculate the greatest common factor of 175345 and 305.
5
What is the greatest common factor of 104021264 and 2056?
2056
Calculate the greatest common divisor of 48833131 and 73.
73
What is the greatest common factor of 2127 and 52020039?
2127
Calculate the greatest common factor of 3 and 295616.
1
Calculate the highest common factor of 61516002 and 36.
6
Calculate the highest common factor of 26179503 and 23331.
2121
Calculate the greatest common factor of 129857 and 34489.
91
Calculate the greatest common factor of 9 and 32880285.
9
What is the greatest common divisor of 312728 and 247988?
52
What is the highest common divisor of 347936 and 2672?
16
What is the greatest common divisor of 20 and 485434750?
10
Calculate the greatest common divisor of 8268 and 259464998.
1378
Calculate the highest common divisor of 582 and 1731102.
6
Calculate the greatest common divisor of 3043 and 537.
179
Calculate the greatest common factor of 14026390 and 385805.
5285
Calculate the greatest common divisor of 8713854 and 91166.
1154
What is the greatest common factor of 3519 and 760257?
153
Calculate the greatest common divisor of 1332 and 116139.
3
Calculate the greatest common divisor of 1296102 and 5399784.
3846
Calculate the highest common divisor of 7084 and 46821698.
3542
What is the greatest common divisor of 286713 and 2697633?
333
Calculate the highest common divisor of 517 and 899721.
47
What is the highest common divisor of 8428 and 17123288?
1204
What is the greatest common divisor of 20 and 209898720?
20
What is the greatest common divisor of 57389815 and 31710?
5285
Calculate the highest common divisor of 2296 and 69088936.
2296
What is the greatest common divisor of 1524 and 568230004?
508
Calculate the highest common divisor of 40888124 and 8132.
428
Calculate the highest common factor of 11579925 and 2625.
525
Calculate the greatest common factor of 70 and 116202590.
70
Calculate the greatest common divisor of 12512294 and 1397.
127
Calculate the greatest common divisor of 729 and 289904589.
243
Calculate the highest common factor of 112 and 61365668.
28
What is the highest common divisor of 57311832 and 1992?
1992
Calculate the greatest common divisor of 558495 and 30924666.
15957
What is the highest common divisor of 236302 and 1947594?
506
Calculate the greatest common factor of 133 and 888769.
7
Calculate the highest common factor of 4 and 3924342.
2
Calculate the highest common factor of 3378004 and 16230.
1082
Calculate the greatest common divisor of 5778 and 49458396.
642
C